{"id":1024,"date":"2026-01-18T14:19:52","date_gmt":"2026-01-18T14:19:52","guid":{"rendered":"https:\/\/www.siggi-potsdam.de\/?page_id=1024"},"modified":"2026-01-22T11:02:26","modified_gmt":"2026-01-22T11:02:26","slug":"lage-anfahrt","status":"publish","type":"page","link":"https:\/\/www.siggi-potsdam.de\/?page_id=1024","title":{"rendered":"Lage &amp; Anfahrt"},"content":{"rendered":"\t\t<div data-elementor-type=\"wp-page\" data-elementor-id=\"1024\" class=\"elementor elementor-1024\" data-elementor-post-type=\"page\">\n\t\t\t\t<div class=\"elementor-element elementor-element-3f6daea e-flex e-con-boxed e-con e-parent\" data-id=\"3f6daea\" data-element_type=\"container\" data-e-type=\"container\">\n\t\t\t\t\t<div class=\"e-con-inner\">\n\t\t<div class=\"elementor-element elementor-element-126715d e-con-full e-flex e-con e-child\" data-id=\"126715d\" data-element_type=\"container\" data-e-type=\"container\">\n\t\t\t\t<div class=\"elementor-element elementor-element-5a1f96d elementor-widget elementor-widget-text-editor\" data-id=\"5a1f96d\" data-element_type=\"widget\" data-e-type=\"widget\" data-settings=\"{&quot;ekit_we_effect_on&quot;:&quot;none&quot;}\" data-widget_type=\"text-editor.default\">\n\t\t\t\t<div class=\"elementor-widget-container\">\n\t\t\t\t\t\t\t\t\t<h2>Lage &amp; Anfahrt<\/h2><p><strong>Anreise zum SIGGI<\/strong><\/p><p>Das SIGGI befindet sich in der Arthur-Scheunert-Allee 2, 14558 Nuthetal, am Bahnhof Potsdam-Rehbr\u00fccke.<\/p><p>Nur wenige Gehminuten von der Location entfernt befinden sich die \u00f6ffentlichen Verkehrsmittel:<\/p><ul><li>Stra\u00dfenbahn<\/li><li>Bus<\/li><li>Regionalbahn.<\/li><\/ul><p><strong>Mit dem Auto:<\/strong><\/p><p>Die Arthur-Scheunert-Allee 2 ist mit dem Auto sehr gut erreichbar. Vor Ort stehen Ihnen Parkm\u00f6glichkeiten zur Verf\u00fcgung.<\/p><h4>\u00a0<\/h4>\t\t\t\t\t\t\t\t<\/div>\n\t\t\t\t<\/div>\n\t\t\t\t<\/div>\n\t\t<div class=\"elementor-element elementor-element-6567fae e-con-full e-flex e-con e-child\" data-id=\"6567fae\" data-element_type=\"container\" data-e-type=\"container\">\n\t\t\t\t<div class=\"elementor-element elementor-element-ba86154 elementor-widget elementor-widget-google_maps\" data-id=\"ba86154\" data-element_type=\"widget\" data-e-type=\"widget\" data-settings=\"{&quot;ekit_we_effect_on&quot;:&quot;none&quot;}\" data-widget_type=\"google_maps.default\">\n\t\t\t\t<div class=\"elementor-widget-container\">\n\t\t\t\t\t\t\t<div class=\"elementor-custom-embed\">\n\t\t\t<iframe loading=\"lazy\"\n\t\t\t\t\tsrc=\"https:\/\/maps.google.com\/maps?q=SIGGI%20Potsdam&#038;t=m&#038;z=12&#038;output=embed&#038;iwloc=near\"\n\t\t\t\t\ttitle=\"SIGGI Potsdam\"\n\t\t\t\t\taria-label=\"SIGGI Potsdam\"\n\t\t\t><\/iframe>\n\t\t<\/div>\n\t\t\t\t\t\t<\/div>\n\t\t\t\t<\/div>\n\t\t\t\t<\/div>\n\t\t\t\t\t<\/div>\n\t\t\t\t<\/div>\n\t\t<div class=\"elementor-element elementor-element-7e7212b3 e-flex e-con-boxed e-con e-parent\" data-id=\"7e7212b3\" data-element_type=\"container\" data-e-type=\"container\">\n\t\t\t\t\t<div class=\"e-con-inner\">\n\t\t\t\t<div class=\"elementor-element elementor-element-46a25eee elementor-widget-divider--view-line elementor-widget elementor-widget-divider\" data-id=\"46a25eee\" data-element_type=\"widget\" data-e-type=\"widget\" data-settings=\"{&quot;ekit_we_effect_on&quot;:&quot;none&quot;}\" data-widget_type=\"divider.default\">\n\t\t\t\t<div class=\"elementor-widget-container\">\n\t\t\t\t\t\t\t<div class=\"elementor-divider\">\n\t\t\t<span class=\"elementor-divider-separator\">\n\t\t\t\t\t\t<\/span>\n\t\t<\/div>\n\t\t\t\t\t\t<\/div>\n\t\t\t\t<\/div>\n\t\t\t\t\t<\/div>\n\t\t\t\t<\/div>\n\t\t\t\t<\/div>\n\t\t","protected":false},"excerpt":{"rendered":"<p>Lage &amp; Anfahrt Anreise zum SIGGI Das SIGGI befindet sich in der Arthur-Scheunert-Allee 2, 14558 Nuthetal, am Bahnhof Potsdam-Rehbr\u00fccke. Nur wenige Gehminuten von der Location entfernt befinden sich die \u00f6ffentlichen Verkehrsmittel: Stra\u00dfenbahn Bus Regionalbahn. Mit dem Auto: Die Arthur-Scheunert-Allee 2 ist mit dem Auto sehr gut erreichbar. Vor Ort stehen [&hellip;]<\/p>\n","protected":false},"author":1,"featured_media":0,"parent":0,"menu_order":0,"comment_status":"closed","ping_status":"closed","template":"","meta":{"inspiro_page_layout":"narrow","inspiro_hide_title":false,"footnotes":""},"class_list":["post-1024","page","type-page","status-publish","hentry"],"yoast_head":"<!-- This site is optimized with the Yoast SEO plugin v27.5 - https:\/\/yoast.com\/product\/yoast-seo-wordpress\/ -->\n<title>Lage &amp; Anfahrt - SIGGI<\/title>\n<meta name=\"robots\" content=\"index, follow, max-snippet:-1, max-image-preview:large, max-video-preview:-1\" \/>\n<link rel=\"canonical\" href=\"https:\/\/www.siggi-potsdam.de\/?page_id=1024\" \/>\n<meta property=\"og:locale\" content=\"de_DE\" \/>\n<meta property=\"og:type\" content=\"article\" \/>\n<meta property=\"og:title\" content=\"Lage &amp; Anfahrt - SIGGI\" \/>\n<meta property=\"og:description\" content=\"Lage &amp; Anfahrt Anreise zum SIGGI Das SIGGI befindet sich in der Arthur-Scheunert-Allee 2, 14558 Nuthetal, am Bahnhof Potsdam-Rehbr\u00fccke. Nur wenige Gehminuten von der Location entfernt befinden sich die \u00f6ffentlichen Verkehrsmittel: Stra\u00dfenbahn Bus Regionalbahn. Mit dem Auto: Die Arthur-Scheunert-Allee 2 ist mit dem Auto sehr gut erreichbar. Vor Ort stehen [&hellip;]\" \/>\n<meta property=\"og:url\" content=\"https:\/\/www.siggi-potsdam.de\/?page_id=1024\" \/>\n<meta property=\"og:site_name\" content=\"SIGGI\" \/>\n<meta property=\"article:modified_time\" content=\"2026-01-22T11:02:26+00:00\" \/>\n<meta name=\"twitter:card\" content=\"summary_large_image\" \/>\n<meta name=\"twitter:label1\" content=\"Gesch\u00e4tzte Lesezeit\" \/>\n\t<meta name=\"twitter:data1\" content=\"1\u00a0Minute\" \/>\n<script type=\"application\/ld+json\" class=\"yoast-schema-graph\">{\"@context\":\"https:\\\/\\\/schema.org\",\"@graph\":[{\"@type\":\"WebPage\",\"@id\":\"https:\\\/\\\/www.siggi-potsdam.de\\\/?page_id=1024\",\"url\":\"https:\\\/\\\/www.siggi-potsdam.de\\\/?page_id=1024\",\"name\":\"Lage &amp; Anfahrt - SIGGI\",\"isPartOf\":{\"@id\":\"https:\\\/\\\/www.siggi-potsdam.de\\\/#website\"},\"datePublished\":\"2026-01-18T14:19:52+00:00\",\"dateModified\":\"2026-01-22T11:02:26+00:00\",\"breadcrumb\":{\"@id\":\"https:\\\/\\\/www.siggi-potsdam.de\\\/?page_id=1024#breadcrumb\"},\"inLanguage\":\"de\",\"potentialAction\":[{\"@type\":\"ReadAction\",\"target\":[\"https:\\\/\\\/www.siggi-potsdam.de\\\/?page_id=1024\"]}]},{\"@type\":\"BreadcrumbList\",\"@id\":\"https:\\\/\\\/www.siggi-potsdam.de\\\/?page_id=1024#breadcrumb\",\"itemListElement\":[{\"@type\":\"ListItem\",\"position\":1,\"name\":\"Startseite\",\"item\":\"https:\\\/\\\/www.siggi-potsdam.de\\\/\"},{\"@type\":\"ListItem\",\"position\":2,\"name\":\"Lage &amp; Anfahrt\"}]},{\"@type\":\"WebSite\",\"@id\":\"https:\\\/\\\/www.siggi-potsdam.de\\\/#website\",\"url\":\"https:\\\/\\\/www.siggi-potsdam.de\\\/\",\"name\":\"Siggi Loaction\",\"description\":\"\",\"publisher\":{\"@id\":\"https:\\\/\\\/www.siggi-potsdam.de\\\/#organization\"},\"potentialAction\":[{\"@type\":\"SearchAction\",\"target\":{\"@type\":\"EntryPoint\",\"urlTemplate\":\"https:\\\/\\\/www.siggi-potsdam.de\\\/?s={search_term_string}\"},\"query-input\":{\"@type\":\"PropertyValueSpecification\",\"valueRequired\":true,\"valueName\":\"search_term_string\"}}],\"inLanguage\":\"de\"},{\"@type\":\"Organization\",\"@id\":\"https:\\\/\\\/www.siggi-potsdam.de\\\/#organization\",\"name\":\"Siggi Loaction\",\"url\":\"https:\\\/\\\/www.siggi-potsdam.de\\\/\",\"logo\":{\"@type\":\"ImageObject\",\"inLanguage\":\"de\",\"@id\":\"https:\\\/\\\/www.siggi-potsdam.de\\\/#\\\/schema\\\/logo\\\/image\\\/\",\"url\":\"https:\\\/\\\/siggi-location.de\\\/wp-content\\\/uploads\\\/2025\\\/03\\\/IMG_6288-2-scaled.jpg\",\"contentUrl\":\"https:\\\/\\\/siggi-location.de\\\/wp-content\\\/uploads\\\/2025\\\/03\\\/IMG_6288-2-scaled.jpg\",\"width\":2560,\"height\":1920,\"caption\":\"Siggi Loaction\"},\"image\":{\"@id\":\"https:\\\/\\\/www.siggi-potsdam.de\\\/#\\\/schema\\\/logo\\\/image\\\/\"},\"sameAs\":[\"https:\\\/\\\/www.instagram.com\\\/siggi_location_potsdam\\\/\"]}]}<\/script>\n<!-- \/ Yoast SEO plugin. -->","yoast_head_json":{"title":"Lage &amp; Anfahrt - SIGGI","robots":{"index":"index","follow":"follow","max-snippet":"max-snippet:-1","max-image-preview":"max-image-preview:large","max-video-preview":"max-video-preview:-1"},"canonical":"https:\/\/www.siggi-potsdam.de\/?page_id=1024","og_locale":"de_DE","og_type":"article","og_title":"Lage &amp; Anfahrt - SIGGI","og_description":"Lage &amp; Anfahrt Anreise zum SIGGI Das SIGGI befindet sich in der Arthur-Scheunert-Allee 2, 14558 Nuthetal, am Bahnhof Potsdam-Rehbr\u00fccke. Nur wenige Gehminuten von der Location entfernt befinden sich die \u00f6ffentlichen Verkehrsmittel: Stra\u00dfenbahn Bus Regionalbahn. Mit dem Auto: Die Arthur-Scheunert-Allee 2 ist mit dem Auto sehr gut erreichbar. Vor Ort stehen [&hellip;]","og_url":"https:\/\/www.siggi-potsdam.de\/?page_id=1024","og_site_name":"SIGGI","article_modified_time":"2026-01-22T11:02:26+00:00","twitter_card":"summary_large_image","twitter_misc":{"Gesch\u00e4tzte Lesezeit":"1\u00a0Minute"},"schema":{"@context":"https:\/\/schema.org","@graph":[{"@type":"WebPage","@id":"https:\/\/www.siggi-potsdam.de\/?page_id=1024","url":"https:\/\/www.siggi-potsdam.de\/?page_id=1024","name":"Lage &amp; Anfahrt - SIGGI","isPartOf":{"@id":"https:\/\/www.siggi-potsdam.de\/#website"},"datePublished":"2026-01-18T14:19:52+00:00","dateModified":"2026-01-22T11:02:26+00:00","breadcrumb":{"@id":"https:\/\/www.siggi-potsdam.de\/?page_id=1024#breadcrumb"},"inLanguage":"de","potentialAction":[{"@type":"ReadAction","target":["https:\/\/www.siggi-potsdam.de\/?page_id=1024"]}]},{"@type":"BreadcrumbList","@id":"https:\/\/www.siggi-potsdam.de\/?page_id=1024#breadcrumb","itemListElement":[{"@type":"ListItem","position":1,"name":"Startseite","item":"https:\/\/www.siggi-potsdam.de\/"},{"@type":"ListItem","position":2,"name":"Lage &amp; Anfahrt"}]},{"@type":"WebSite","@id":"https:\/\/www.siggi-potsdam.de\/#website","url":"https:\/\/www.siggi-potsdam.de\/","name":"Siggi Loaction","description":"","publisher":{"@id":"https:\/\/www.siggi-potsdam.de\/#organization"},"potentialAction":[{"@type":"SearchAction","target":{"@type":"EntryPoint","urlTemplate":"https:\/\/www.siggi-potsdam.de\/?s={search_term_string}"},"query-input":{"@type":"PropertyValueSpecification","valueRequired":true,"valueName":"search_term_string"}}],"inLanguage":"de"},{"@type":"Organization","@id":"https:\/\/www.siggi-potsdam.de\/#organization","name":"Siggi Loaction","url":"https:\/\/www.siggi-potsdam.de\/","logo":{"@type":"ImageObject","inLanguage":"de","@id":"https:\/\/www.siggi-potsdam.de\/#\/schema\/logo\/image\/","url":"https:\/\/siggi-location.de\/wp-content\/uploads\/2025\/03\/IMG_6288-2-scaled.jpg","contentUrl":"https:\/\/siggi-location.de\/wp-content\/uploads\/2025\/03\/IMG_6288-2-scaled.jpg","width":2560,"height":1920,"caption":"Siggi Loaction"},"image":{"@id":"https:\/\/www.siggi-potsdam.de\/#\/schema\/logo\/image\/"},"sameAs":["https:\/\/www.instagram.com\/siggi_location_potsdam\/"]}]}},"_links":{"self":[{"href":"https:\/\/www.siggi-potsdam.de\/index.php?rest_route=\/wp\/v2\/pages\/1024","targetHints":{"allow":["GET"]}}],"collection":[{"href":"https:\/\/www.siggi-potsdam.de\/index.php?rest_route=\/wp\/v2\/pages"}],"about":[{"href":"https:\/\/www.siggi-potsdam.de\/index.php?rest_route=\/wp\/v2\/types\/page"}],"author":[{"embeddable":true,"href":"https:\/\/www.siggi-potsdam.de\/index.php?rest_route=\/wp\/v2\/users\/1"}],"replies":[{"embeddable":true,"href":"https:\/\/www.siggi-potsdam.de\/index.php?rest_route=%2Fwp%2Fv2%2Fcomments&post=1024"}],"version-history":[{"count":49,"href":"https:\/\/www.siggi-potsdam.de\/index.php?rest_route=\/wp\/v2\/pages\/1024\/revisions"}],"predecessor-version":[{"id":2123,"href":"https:\/\/www.siggi-potsdam.de\/index.php?rest_route=\/wp\/v2\/pages\/1024\/revisions\/2123"}],"wp:attachment":[{"href":"https:\/\/www.siggi-potsdam.de\/index.php?rest_route=%2Fwp%2Fv2%2Fmedia&parent=1024"}],"curies":[{"name":"wp","href":"https:\/\/api.w.org\/{rel}","templated":true}]}}