{"id":10,"date":"2025-02-24T20:52:44","date_gmt":"2025-02-24T20:52:44","guid":{"rendered":"https:\/\/siggi-location.de\/?page_id=10"},"modified":"2026-04-13T14:45:46","modified_gmt":"2026-04-13T14:45:46","slug":"start","status":"publish","type":"page","link":"https:\/\/www.siggi-potsdam.de\/","title":{"rendered":""},"content":{"rendered":"\t\t<div data-elementor-type=\"wp-page\" data-elementor-id=\"10\" class=\"elementor elementor-10\" data-elementor-post-type=\"page\">\n\t\t\t\t<div class=\"elementor-element elementor-element-2b13b00 e-flex e-con-boxed e-con e-parent\" data-id=\"2b13b00\" data-element_type=\"container\" data-e-type=\"container\">\n\t\t\t\t\t<div class=\"e-con-inner\">\n\t\t\t\t<div class=\"elementor-element elementor-element-f70a465 elementor-widget elementor-widget-heading\" data-id=\"f70a465\" data-element_type=\"widget\" data-e-type=\"widget\" data-settings=\"{&quot;ekit_we_effect_on&quot;:&quot;none&quot;}\" data-widget_type=\"heading.default\">\n\t\t\t\t<div class=\"elementor-widget-container\">\n\t\t\t\t\t<h2 class=\"elementor-heading-title elementor-size-default\"><strong data-start=\"365\" data-end=\"401\">SIGGI<\/strong><br><strong data-start=\"365\" data-end=\"401\">Events und Kultur in Potsdam<\/strong><\/h2>\t\t\t\t<\/div>\n\t\t\t\t<\/div>\n\t\t\t\t<div class=\"elementor-element elementor-element-6c0a14c elementor-align-center elementor-widget elementor-widget-button\" data-id=\"6c0a14c\" data-element_type=\"widget\" data-e-type=\"widget\" data-settings=\"{&quot;ekit_we_effect_on&quot;:&quot;none&quot;}\" data-widget_type=\"button.default\">\n\t\t\t\t<div class=\"elementor-widget-container\">\n\t\t\t\t\t\t\t\t\t<div class=\"elementor-button-wrapper\">\n\t\t\t\t\t<a class=\"elementor-button elementor-button-link elementor-size-sm\" href=\"https:\/\/www.siggi-potsdam.de\/?page_id=145\">\n\t\t\t\t\t\t<span class=\"elementor-button-content-wrapper\">\n\t\t\t\t\t\t\t\t\t<span class=\"elementor-button-text\">Location anfragen<\/span>\n\t\t\t\t\t<\/span>\n\t\t\t\t\t<\/a>\n\t\t\t\t<\/div>\n\t\t\t\t\t\t\t\t<\/div>\n\t\t\t\t<\/div>\n\t\t\t\t\t<\/div>\n\t\t\t\t<\/div>\n\t\t<div class=\"elementor-element elementor-element-8d80e7c e-grid e-con-full e-con e-parent\" data-id=\"8d80e7c\" data-element_type=\"container\" data-e-type=\"container\">\n\t\t\t\t<div class=\"elementor-element elementor-element-18df01f elementor-widget elementor-widget-image\" data-id=\"18df01f\" data-element_type=\"widget\" data-e-type=\"widget\" data-settings=\"{&quot;ekit_we_effect_on&quot;:&quot;none&quot;}\" data-widget_type=\"image.default\">\n\t\t\t\t<div class=\"elementor-widget-container\">\n\t\t\t\t\t\t\t\t\t\t\t\t\t\t\t<img fetchpriority=\"high\" decoding=\"async\" width=\"930\" height=\"698\" src=\"https:\/\/www.siggi-potsdam.de\/wp-content\/uploads\/2026\/01\/startseitelinksneu-1.webp\" class=\"attachment-large size-large wp-image-2236\" alt=\"\" srcset=\"https:\/\/www.siggi-potsdam.de\/wp-content\/uploads\/2026\/01\/startseitelinksneu-1.webp 1024w, https:\/\/www.siggi-potsdam.de\/wp-content\/uploads\/2026\/01\/startseitelinksneu-1-300x225.jpg 300w, https:\/\/www.siggi-potsdam.de\/wp-content\/uploads\/2026\/01\/startseitelinksneu-1-768x576.jpg 768w, https:\/\/www.siggi-potsdam.de\/wp-content\/uploads\/2026\/01\/startseitelinksneu-1-1000x750.jpg 1000w, https:\/\/www.siggi-potsdam.de\/wp-content\/uploads\/2026\/01\/startseitelinksneu-1-747x560.jpg 747w, https:\/\/www.siggi-potsdam.de\/wp-content\/uploads\/2026\/01\/startseitelinksneu-1-600x450.jpg 600w\" sizes=\"(max-width: 930px) 100vw, 930px\" \/>\t\t\t\t\t\t\t\t\t\t\t\t\t\t\t<\/div>\n\t\t\t\t<\/div>\n\t\t\t\t<div class=\"elementor-element elementor-element-ac32dc8 elementor-widget elementor-widget-image\" data-id=\"ac32dc8\" data-element_type=\"widget\" data-e-type=\"widget\" data-settings=\"{&quot;ekit_we_effect_on&quot;:&quot;none&quot;}\" data-widget_type=\"image.default\">\n\t\t\t\t<div class=\"elementor-widget-container\">\n\t\t\t\t\t\t\t\t\t\t\t\t\t\t\t<img decoding=\"async\" width=\"930\" height=\"698\" src=\"https:\/\/www.siggi-potsdam.de\/wp-content\/uploads\/2026\/01\/startseitemitte.webp\" class=\"attachment-large size-large wp-image-2235\" alt=\"\" srcset=\"https:\/\/www.siggi-potsdam.de\/wp-content\/uploads\/2026\/01\/startseitemitte.webp 1024w, https:\/\/www.siggi-potsdam.de\/wp-content\/uploads\/2026\/01\/startseitemitte-300x225.webp 300w, https:\/\/www.siggi-potsdam.de\/wp-content\/uploads\/2026\/01\/startseitemitte-768x576.jpg 768w, https:\/\/www.siggi-potsdam.de\/wp-content\/uploads\/2026\/01\/startseitemitte-1000x750.jpg 1000w, https:\/\/www.siggi-potsdam.de\/wp-content\/uploads\/2026\/01\/startseitemitte-747x560.jpg 747w, https:\/\/www.siggi-potsdam.de\/wp-content\/uploads\/2026\/01\/startseitemitte-600x450.jpg 600w\" sizes=\"(max-width: 930px) 100vw, 930px\" \/>\t\t\t\t\t\t\t\t\t\t\t\t\t\t\t<\/div>\n\t\t\t\t<\/div>\n\t\t\t\t<div class=\"elementor-element elementor-element-599c701 elementor-widget elementor-widget-text-editor\" data-id=\"599c701\" data-element_type=\"widget\" data-e-type=\"widget\" data-settings=\"{&quot;ekit_we_effect_on&quot;:&quot;none&quot;}\" data-widget_type=\"text-editor.default\">\n\t\t\t\t<div class=\"elementor-widget-container\">\n\t\t\t\t\t\t\t\t\t<p style=\"text-align: center;\">\u201eHerzlich willkommen an einem Ort f\u00fcr Kunst, Kultur und Veranstaltungen aller Art \u2013 in einem ehemaligen Heizkraftwerk mitten im Industriegebiet, mit hervorragender Anbindung. Hier treffen Kulturszene und kommerzielle Events aufeinander und schaffen Raum f\u00fcr kreative Inhalte, Kooperationen und Begegnungen.\u201c\u00a0<\/p><h3 style=\"text-align: center;\">Raum f\u00fcr Kultur und mehr<\/h3>\t\t\t\t\t\t\t\t<\/div>\n\t\t\t\t<\/div>\n\t\t\t\t<\/div>\n\t\t<div class=\"elementor-element elementor-element-11cf82b e-flex e-con-boxed e-con e-parent\" data-id=\"11cf82b\" data-element_type=\"container\" data-e-type=\"container\">\n\t\t\t\t\t<div class=\"e-con-inner\">\n\t\t\t\t<div class=\"elementor-element elementor-element-723efdc elementor-widget-divider--view-line elementor-widget elementor-widget-divider\" data-id=\"723efdc\" data-element_type=\"widget\" data-e-type=\"widget\" data-settings=\"{&quot;ekit_we_effect_on&quot;:&quot;none&quot;}\" data-widget_type=\"divider.default\">\n\t\t\t\t<div class=\"elementor-widget-container\">\n\t\t\t\t\t\t\t<div class=\"elementor-divider\">\n\t\t\t<span class=\"elementor-divider-separator\">\n\t\t\t\t\t\t<\/span>\n\t\t<\/div>\n\t\t\t\t\t\t<\/div>\n\t\t\t\t<\/div>\n\t\t\t\t<div class=\"elementor-element elementor-element-c15571d elementor-widget elementor-widget-heading\" data-id=\"c15571d\" data-element_type=\"widget\" data-e-type=\"widget\" data-settings=\"{&quot;ekit_we_effect_on&quot;:&quot;none&quot;}\" data-widget_type=\"heading.default\">\n\t\t\t\t<div class=\"elementor-widget-container\">\n\t\t\t\t\t<h2 class=\"elementor-heading-title elementor-size-default\">Kommende \u00f6ffentliche Veranstaltungen<\/h2>\t\t\t\t<\/div>\n\t\t\t\t<\/div>\n\t\t\t\t<div class=\"elementor-element elementor-element-2647536 elementor-grid-3 elementor-grid-tablet-2 elementor-grid-mobile-1 elementor-posts--thumbnail-top elementor-widget elementor-widget-posts\" data-id=\"2647536\" data-element_type=\"widget\" data-e-type=\"widget\" data-settings=\"{&quot;classic_columns&quot;:&quot;3&quot;,&quot;classic_columns_tablet&quot;:&quot;2&quot;,&quot;classic_columns_mobile&quot;:&quot;1&quot;,&quot;classic_row_gap&quot;:{&quot;unit&quot;:&quot;px&quot;,&quot;size&quot;:35,&quot;sizes&quot;:[]},&quot;classic_row_gap_tablet&quot;:{&quot;unit&quot;:&quot;px&quot;,&quot;size&quot;:&quot;&quot;,&quot;sizes&quot;:[]},&quot;classic_row_gap_mobile&quot;:{&quot;unit&quot;:&quot;px&quot;,&quot;size&quot;:&quot;&quot;,&quot;sizes&quot;:[]},&quot;ekit_we_effect_on&quot;:&quot;none&quot;}\" data-widget_type=\"posts.classic\">\n\t\t\t\t<div class=\"elementor-widget-container\">\n\t\t\t\t\t\t\t<div class=\"elementor-posts-container elementor-posts elementor-posts--skin-classic elementor-grid\" role=\"list\">\n\t\t\t\t<article class=\"elementor-post elementor-grid-item post-2426 post type-post status-publish format-standard has-post-thumbnail hentry category-uncategorized\" role=\"listitem\">\n\t\t\t\t<a class=\"elementor-post__thumbnail__link\" href=\"https:\/\/www.siggi-potsdam.de\/?p=2426\" tabindex=\"-1\" >\n\t\t\t<div class=\"elementor-post__thumbnail\"><img decoding=\"async\" width=\"1024\" height=\"1536\" src=\"https:\/\/www.siggi-potsdam.de\/wp-content\/uploads\/2026\/04\/instagram-drinnen-und-draussen.webp\" class=\"attachment-full size-full wp-image-2444\" alt=\"\" srcset=\"https:\/\/www.siggi-potsdam.de\/wp-content\/uploads\/2026\/04\/instagram-drinnen-und-draussen.webp 1024w, https:\/\/www.siggi-potsdam.de\/wp-content\/uploads\/2026\/04\/instagram-drinnen-und-draussen-200x300.webp 200w, https:\/\/www.siggi-potsdam.de\/wp-content\/uploads\/2026\/04\/instagram-drinnen-und-draussen-683x1024.webp 683w, https:\/\/www.siggi-potsdam.de\/wp-content\/uploads\/2026\/04\/instagram-drinnen-und-draussen-768x1152.webp 768w, https:\/\/www.siggi-potsdam.de\/wp-content\/uploads\/2026\/04\/instagram-drinnen-und-draussen-1000x1500.webp 1000w, https:\/\/www.siggi-potsdam.de\/wp-content\/uploads\/2026\/04\/instagram-drinnen-und-draussen-373x560.webp 373w, https:\/\/www.siggi-potsdam.de\/wp-content\/uploads\/2026\/04\/instagram-drinnen-und-draussen-600x900.webp 600w\" sizes=\"(max-width: 1024px) 100vw, 1024px\" \/><\/div>\n\t\t<\/a>\n\t\t\t\t<div class=\"elementor-post__text\">\n\t\t\t\t<h3 class=\"elementor-post__title\">\n\t\t\t<a href=\"https:\/\/www.siggi-potsdam.de\/?p=2426\" >\n\t\t\t\tSIGGI beats Thursday  \u2022 30. April 2026 \u200b\t\t\t<\/a>\n\t\t<\/h3>\n\t\t\n\t\t<a class=\"elementor-post__read-more\" href=\"https:\/\/www.siggi-potsdam.de\/?p=2426\" aria-label=\"Mehr \u00fcber SIGGI beats Thursday  \u2022 30. April 2026 \u200b\" tabindex=\"-1\" >\n\t\t\tWeiterlesen \u00bb\t\t<\/a>\n\n\t\t\t\t<\/div>\n\t\t\t\t<\/article>\n\t\t\t\t<\/div>\n\t\t\n\t\t\t\t\t\t<\/div>\n\t\t\t\t<\/div>\n\t\t\t\t<div class=\"elementor-element elementor-element-1568de4 elementor-widget-divider--view-line elementor-widget elementor-widget-divider\" data-id=\"1568de4\" data-element_type=\"widget\" data-e-type=\"widget\" data-settings=\"{&quot;ekit_we_effect_on&quot;:&quot;none&quot;}\" data-widget_type=\"divider.default\">\n\t\t\t\t<div class=\"elementor-widget-container\">\n\t\t\t\t\t\t\t<div class=\"elementor-divider\">\n\t\t\t<span class=\"elementor-divider-separator\">\n\t\t\t\t\t\t<\/span>\n\t\t<\/div>\n\t\t\t\t\t\t<\/div>\n\t\t\t\t<\/div>\n\t\t\t\t\t<\/div>\n\t\t\t\t<\/div>\n\t\t<div class=\"elementor-element elementor-element-070cdb5 e-flex e-con-boxed e-con e-parent\" data-id=\"070cdb5\" data-element_type=\"container\" data-e-type=\"container\">\n\t\t\t\t\t<div class=\"e-con-inner\">\n\t\t<div class=\"elementor-element elementor-element-83b81a9 e-con-full e-flex e-con e-child\" data-id=\"83b81a9\" data-element_type=\"container\" data-e-type=\"container\">\n\t\t\t\t<div class=\"elementor-element elementor-element-2d05f45 elementor-widget elementor-widget-image\" data-id=\"2d05f45\" data-element_type=\"widget\" data-e-type=\"widget\" data-settings=\"{&quot;ekit_we_effect_on&quot;:&quot;none&quot;}\" data-widget_type=\"image.default\">\n\t\t\t\t<div class=\"elementor-widget-container\">\n\t\t\t\t\t\t\t\t\t\t\t\t\t\t\t<img loading=\"lazy\" decoding=\"async\" width=\"930\" height=\"698\" src=\"https:\/\/www.siggi-potsdam.de\/wp-content\/uploads\/2026\/01\/UnbenanntGalerie-1.jpg\" class=\"attachment-large size-large wp-image-2048\" alt=\"\" srcset=\"https:\/\/www.siggi-potsdam.de\/wp-content\/uploads\/2026\/01\/UnbenanntGalerie-1.jpg 1024w, https:\/\/www.siggi-potsdam.de\/wp-content\/uploads\/2026\/01\/UnbenanntGalerie-1-300x225.jpg 300w, https:\/\/www.siggi-potsdam.de\/wp-content\/uploads\/2026\/01\/UnbenanntGalerie-1-768x577.jpg 768w, https:\/\/www.siggi-potsdam.de\/wp-content\/uploads\/2026\/01\/UnbenanntGalerie-1-1000x751.jpg 1000w, https:\/\/www.siggi-potsdam.de\/wp-content\/uploads\/2026\/01\/UnbenanntGalerie-1-746x560.jpg 746w, https:\/\/www.siggi-potsdam.de\/wp-content\/uploads\/2026\/01\/UnbenanntGalerie-1-600x451.jpg 600w\" sizes=\"(max-width: 930px) 100vw, 930px\" \/>\t\t\t\t\t\t\t\t\t\t\t\t\t\t\t<\/div>\n\t\t\t\t<\/div>\n\t\t\t\t<\/div>\n\t\t<div class=\"elementor-element elementor-element-8e5edfe e-con-full e-flex e-con e-child\" data-id=\"8e5edfe\" data-element_type=\"container\" data-e-type=\"container\">\n\t\t\t\t<div class=\"elementor-element elementor-element-f5ee5c7 elementor-widget elementor-widget-text-editor\" data-id=\"f5ee5c7\" data-element_type=\"widget\" data-e-type=\"widget\" data-settings=\"{&quot;ekit_we_effect_on&quot;:&quot;none&quot;}\" data-widget_type=\"text-editor.default\">\n\t\t\t\t<div class=\"elementor-widget-container\">\n\t\t\t\t\t\t\t\t\t<p><span style=\"color: #ffffff;\">\u00a0<\/span><\/p><h4><span style=\"color: #ffffff;\">Galerie<\/span><\/h4><p>\u201eSehr gern! Wie w\u00e4re es so: Wir laden Sie herzlich in unsere Galerie ein! Tauchen Sie ein in R\u00e4ume, die nicht nur flexibel, sondern auch voller Charakter sind. Verschaffen Sie sich einen umfassenden \u00dcberblick \u00fcber die Vielfalt unserer Gestaltungsm\u00f6glichkeiten \u2013 von minimalistisch klar bis atmosph\u00e4risch einnehmend \u2013 hier findet jedes Event den passenden Rahmen.\u201c<\/p><p><a href=\"?page_id=17\">Zur Galerie<\/a><\/p>\t\t\t\t\t\t\t\t<\/div>\n\t\t\t\t<\/div>\n\t\t\t\t<\/div>\n\t\t\t\t\t<\/div>\n\t\t\t\t<\/div>\n\t\t<div class=\"elementor-element elementor-element-6fb97a7 e-flex e-con-boxed e-con e-parent\" data-id=\"6fb97a7\" data-element_type=\"container\" data-e-type=\"container\">\n\t\t\t\t\t<div class=\"e-con-inner\">\n\t\t<div class=\"elementor-element elementor-element-a4968e2 e-con-full e-flex e-con e-child\" data-id=\"a4968e2\" data-element_type=\"container\" data-e-type=\"container\">\n\t\t\t\t<div class=\"elementor-element elementor-element-ee718b5 elementor-widget elementor-widget-text-editor\" data-id=\"ee718b5\" data-element_type=\"widget\" data-e-type=\"widget\" data-settings=\"{&quot;ekit_we_effect_on&quot;:&quot;none&quot;}\" data-widget_type=\"text-editor.default\">\n\t\t\t\t<div class=\"elementor-widget-container\">\n\t\t\t\t\t\t\t\t\t<p><span style=\"color: #ffffff;\">\u00a0<\/span><\/p><h4><span style=\"color: #ffffff;\">SIGGI Mieten<\/span><\/h4><p>\u201eUnsere vielseitigen R\u00e4ume auf \u00fcber 750 m\u00b2, verkehrsg\u00fcnstig gelegen mit hervorragender Anbindung an Bahn, Bus und Stra\u00dfenbahn, laden Sie ein, Kunst, Kultur und soziale Events in einem passenden Rahmen stattfinden zu lassen. F\u00fchlen Sie sich herzlich eingeladen, unsere Location f\u00fcr ihre Veranstaltung zu nutzen\u201c<\/p><p><span style=\"color: #ffffff;\"><a style=\"color: #ffffff;\" href=\"?page_id=13\">Mehr Infos<\/a><\/span><\/p>\t\t\t\t\t\t\t\t<\/div>\n\t\t\t\t<\/div>\n\t\t\t\t<\/div>\n\t\t<div class=\"elementor-element elementor-element-47c8b86 e-con-full e-flex e-con e-child\" data-id=\"47c8b86\" data-element_type=\"container\" data-e-type=\"container\">\n\t\t\t\t<div class=\"elementor-element elementor-element-ea67299 elementor-widget elementor-widget-image\" data-id=\"ea67299\" data-element_type=\"widget\" data-e-type=\"widget\" data-settings=\"{&quot;ekit_we_effect_on&quot;:&quot;none&quot;}\" data-widget_type=\"image.default\">\n\t\t\t\t<div class=\"elementor-widget-container\">\n\t\t\t\t\t\t\t\t\t\t\t\t\t\t\t<img loading=\"lazy\" decoding=\"async\" width=\"930\" height=\"626\" src=\"https:\/\/www.siggi-potsdam.de\/wp-content\/uploads\/2026\/01\/mietenrechts-1-1024x689.webp\" class=\"attachment-large size-large wp-image-2237\" alt=\"\" srcset=\"https:\/\/www.siggi-potsdam.de\/wp-content\/uploads\/2026\/01\/mietenrechts-1-1024x689.webp 1024w, https:\/\/www.siggi-potsdam.de\/wp-content\/uploads\/2026\/01\/mietenrechts-1-300x202.webp 300w, https:\/\/www.siggi-potsdam.de\/wp-content\/uploads\/2026\/01\/mietenrechts-1-768x517.jpg 768w, https:\/\/www.siggi-potsdam.de\/wp-content\/uploads\/2026\/01\/mietenrechts-1-1536x1034.jpg 1536w, https:\/\/www.siggi-potsdam.de\/wp-content\/uploads\/2026\/01\/mietenrechts-1-1000x673.jpg 1000w, https:\/\/www.siggi-potsdam.de\/wp-content\/uploads\/2026\/01\/mietenrechts-1-1800x1211.jpg 1800w, https:\/\/www.siggi-potsdam.de\/wp-content\/uploads\/2026\/01\/mietenrechts-1-832x560.jpg 832w, https:\/\/www.siggi-potsdam.de\/wp-content\/uploads\/2026\/01\/mietenrechts-1-600x404.jpg 600w, https:\/\/www.siggi-potsdam.de\/wp-content\/uploads\/2026\/01\/mietenrechts-1.webp 1920w\" sizes=\"(max-width: 930px) 100vw, 930px\" \/>\t\t\t\t\t\t\t\t\t\t\t\t\t\t\t<\/div>\n\t\t\t\t<\/div>\n\t\t\t\t<\/div>\n\t\t\t\t\t<\/div>\n\t\t\t\t<\/div>\n\t\t<div class=\"elementor-element elementor-element-110b0a70 e-flex e-con-boxed e-con e-parent\" data-id=\"110b0a70\" data-element_type=\"container\" data-e-type=\"container\">\n\t\t\t\t\t<div class=\"e-con-inner\">\n\t\t\t\t<div class=\"elementor-element elementor-element-4f7058a2 elementor-widget-divider--view-line elementor-widget elementor-widget-divider\" data-id=\"4f7058a2\" data-element_type=\"widget\" data-e-type=\"widget\" data-settings=\"{&quot;ekit_we_effect_on&quot;:&quot;none&quot;}\" data-widget_type=\"divider.default\">\n\t\t\t\t<div class=\"elementor-widget-container\">\n\t\t\t\t\t\t\t<div class=\"elementor-divider\">\n\t\t\t<span class=\"elementor-divider-separator\">\n\t\t\t\t\t\t<\/span>\n\t\t<\/div>\n\t\t\t\t\t\t<\/div>\n\t\t\t\t<\/div>\n\t\t\t\t\t<\/div>\n\t\t\t\t<\/div>\n\t\t\t\t<\/div>\n\t\t","protected":false},"excerpt":{"rendered":"<p>SIGGIEvents und Kultur in Potsdam Location anfragen \u201eHerzlich willkommen an einem Ort f\u00fcr Kunst, Kultur und Veranstaltungen aller Art \u2013 in einem ehemaligen Heizkraftwerk mitten im Industriegebiet, mit hervorragender Anbindung. Hier treffen Kulturszene und kommerzielle Events aufeinander und schaffen Raum f\u00fcr kreative Inhalte, Kooperationen und Begegnungen.\u201c\u00a0 Raum f\u00fcr Kultur und<\/p>\n","protected":false},"author":1,"featured_media":0,"parent":0,"menu_order":0,"comment_status":"closed","ping_status":"closed","template":"","meta":{"inspiro_page_layout":"narrow","inspiro_hide_title":false,"footnotes":""},"class_list":["post-10","page","type-page","status-publish","hentry"],"yoast_head":"<!-- This site is optimized with the Yoast SEO plugin v27.5 - https:\/\/yoast.com\/product\/yoast-seo-wordpress\/ -->\n<title>- SIGGI<\/title>\n<meta name=\"description\" content=\"Die Siggi Location in Potsdam bietet als ehemalige Industriehalle einen einzigartigen Charme f\u00fcr Events, Workshops und kreative Veranstaltungen.\" \/>\n<meta name=\"robots\" content=\"index, follow, max-snippet:-1, max-image-preview:large, max-video-preview:-1\" \/>\n<link rel=\"canonical\" href=\"https:\/\/www.siggi-potsdam.de\/\" \/>\n<meta property=\"og:locale\" content=\"de_DE\" \/>\n<meta property=\"og:type\" content=\"article\" \/>\n<meta property=\"og:title\" content=\"- SIGGI\" \/>\n<meta property=\"og:description\" content=\"Die Siggi Location in Potsdam bietet als ehemalige Industriehalle einen einzigartigen Charme f\u00fcr Events, Workshops und kreative Veranstaltungen.\" \/>\n<meta property=\"og:url\" content=\"https:\/\/www.siggi-potsdam.de\/\" \/>\n<meta property=\"og:site_name\" content=\"SIGGI\" \/>\n<meta property=\"article:modified_time\" content=\"2026-04-13T14:45:46+00:00\" \/>\n<meta property=\"og:image\" content=\"https:\/\/www.siggi-potsdam.de\/wp-content\/uploads\/2025\/03\/IMG_2312-2-scaled.jpg\" \/>\n\t<meta property=\"og:image:width\" content=\"2560\" \/>\n\t<meta property=\"og:image:height\" content=\"1920\" \/>\n\t<meta property=\"og:image:type\" content=\"image\/jpeg\" \/>\n<meta name=\"twitter:card\" content=\"summary_large_image\" \/>\n<meta name=\"twitter:label1\" content=\"Gesch\u00e4tzte Lesezeit\" \/>\n\t<meta name=\"twitter:data1\" content=\"2\u00a0Minuten\" \/>\n<script type=\"application\/ld+json\" class=\"yoast-schema-graph\">{\"@context\":\"https:\\\/\\\/schema.org\",\"@graph\":[{\"@type\":\"WebPage\",\"@id\":\"https:\\\/\\\/www.siggi-potsdam.de\\\/\",\"url\":\"https:\\\/\\\/www.siggi-potsdam.de\\\/\",\"name\":\"- SIGGI\",\"isPartOf\":{\"@id\":\"https:\\\/\\\/www.siggi-potsdam.de\\\/#website\"},\"primaryImageOfPage\":{\"@id\":\"https:\\\/\\\/www.siggi-potsdam.de\\\/#primaryimage\"},\"image\":{\"@id\":\"https:\\\/\\\/www.siggi-potsdam.de\\\/#primaryimage\"},\"thumbnailUrl\":\"https:\\\/\\\/www.siggi-potsdam.de\\\/wp-content\\\/uploads\\\/2026\\\/01\\\/startseitelinksneu-1.webp\",\"datePublished\":\"2025-02-24T20:52:44+00:00\",\"dateModified\":\"2026-04-13T14:45:46+00:00\",\"description\":\"Die Siggi Location in Potsdam bietet als ehemalige Industriehalle einen einzigartigen Charme f\u00fcr Events, Workshops und kreative Veranstaltungen.\",\"inLanguage\":\"de\",\"potentialAction\":[{\"@type\":\"ReadAction\",\"target\":[\"https:\\\/\\\/www.siggi-potsdam.de\\\/\"]}]},{\"@type\":\"ImageObject\",\"inLanguage\":\"de\",\"@id\":\"https:\\\/\\\/www.siggi-potsdam.de\\\/#primaryimage\",\"url\":\"https:\\\/\\\/www.siggi-potsdam.de\\\/wp-content\\\/uploads\\\/2026\\\/01\\\/startseitelinksneu-1.webp\",\"contentUrl\":\"https:\\\/\\\/www.siggi-potsdam.de\\\/wp-content\\\/uploads\\\/2026\\\/01\\\/startseitelinksneu-1.webp\",\"width\":1024,\"height\":768},{\"@type\":\"WebSite\",\"@id\":\"https:\\\/\\\/www.siggi-potsdam.de\\\/#website\",\"url\":\"https:\\\/\\\/www.siggi-potsdam.de\\\/\",\"name\":\"Siggi Loaction\",\"description\":\"\",\"publisher\":{\"@id\":\"https:\\\/\\\/www.siggi-potsdam.de\\\/#organization\"},\"potentialAction\":[{\"@type\":\"SearchAction\",\"target\":{\"@type\":\"EntryPoint\",\"urlTemplate\":\"https:\\\/\\\/www.siggi-potsdam.de\\\/?s={search_term_string}\"},\"query-input\":{\"@type\":\"PropertyValueSpecification\",\"valueRequired\":true,\"valueName\":\"search_term_string\"}}],\"inLanguage\":\"de\"},{\"@type\":\"Organization\",\"@id\":\"https:\\\/\\\/www.siggi-potsdam.de\\\/#organization\",\"name\":\"Siggi Loaction\",\"url\":\"https:\\\/\\\/www.siggi-potsdam.de\\\/\",\"logo\":{\"@type\":\"ImageObject\",\"inLanguage\":\"de\",\"@id\":\"https:\\\/\\\/www.siggi-potsdam.de\\\/#\\\/schema\\\/logo\\\/image\\\/\",\"url\":\"https:\\\/\\\/siggi-location.de\\\/wp-content\\\/uploads\\\/2025\\\/03\\\/IMG_6288-2-scaled.jpg\",\"contentUrl\":\"https:\\\/\\\/siggi-location.de\\\/wp-content\\\/uploads\\\/2025\\\/03\\\/IMG_6288-2-scaled.jpg\",\"width\":2560,\"height\":1920,\"caption\":\"Siggi Loaction\"},\"image\":{\"@id\":\"https:\\\/\\\/www.siggi-potsdam.de\\\/#\\\/schema\\\/logo\\\/image\\\/\"},\"sameAs\":[\"https:\\\/\\\/www.instagram.com\\\/siggi_location_potsdam\\\/\"]}]}<\/script>\n<!-- \/ Yoast SEO plugin. -->","yoast_head_json":{"title":"- SIGGI","description":"Die Siggi Location in Potsdam bietet als ehemalige Industriehalle einen einzigartigen Charme f\u00fcr Events, Workshops und kreative Veranstaltungen.","robots":{"index":"index","follow":"follow","max-snippet":"max-snippet:-1","max-image-preview":"max-image-preview:large","max-video-preview":"max-video-preview:-1"},"canonical":"https:\/\/www.siggi-potsdam.de\/","og_locale":"de_DE","og_type":"article","og_title":"- SIGGI","og_description":"Die Siggi Location in Potsdam bietet als ehemalige Industriehalle einen einzigartigen Charme f\u00fcr Events, Workshops und kreative Veranstaltungen.","og_url":"https:\/\/www.siggi-potsdam.de\/","og_site_name":"SIGGI","article_modified_time":"2026-04-13T14:45:46+00:00","og_image":[{"width":2560,"height":1920,"url":"https:\/\/www.siggi-potsdam.de\/wp-content\/uploads\/2025\/03\/IMG_2312-2-scaled.jpg","type":"image\/jpeg"}],"twitter_card":"summary_large_image","twitter_misc":{"Gesch\u00e4tzte Lesezeit":"2\u00a0Minuten"},"schema":{"@context":"https:\/\/schema.org","@graph":[{"@type":"WebPage","@id":"https:\/\/www.siggi-potsdam.de\/","url":"https:\/\/www.siggi-potsdam.de\/","name":"- SIGGI","isPartOf":{"@id":"https:\/\/www.siggi-potsdam.de\/#website"},"primaryImageOfPage":{"@id":"https:\/\/www.siggi-potsdam.de\/#primaryimage"},"image":{"@id":"https:\/\/www.siggi-potsdam.de\/#primaryimage"},"thumbnailUrl":"https:\/\/www.siggi-potsdam.de\/wp-content\/uploads\/2026\/01\/startseitelinksneu-1.webp","datePublished":"2025-02-24T20:52:44+00:00","dateModified":"2026-04-13T14:45:46+00:00","description":"Die Siggi Location in Potsdam bietet als ehemalige Industriehalle einen einzigartigen Charme f\u00fcr Events, Workshops und kreative Veranstaltungen.","inLanguage":"de","potentialAction":[{"@type":"ReadAction","target":["https:\/\/www.siggi-potsdam.de\/"]}]},{"@type":"ImageObject","inLanguage":"de","@id":"https:\/\/www.siggi-potsdam.de\/#primaryimage","url":"https:\/\/www.siggi-potsdam.de\/wp-content\/uploads\/2026\/01\/startseitelinksneu-1.webp","contentUrl":"https:\/\/www.siggi-potsdam.de\/wp-content\/uploads\/2026\/01\/startseitelinksneu-1.webp","width":1024,"height":768},{"@type":"WebSite","@id":"https:\/\/www.siggi-potsdam.de\/#website","url":"https:\/\/www.siggi-potsdam.de\/","name":"Siggi Loaction","description":"","publisher":{"@id":"https:\/\/www.siggi-potsdam.de\/#organization"},"potentialAction":[{"@type":"SearchAction","target":{"@type":"EntryPoint","urlTemplate":"https:\/\/www.siggi-potsdam.de\/?s={search_term_string}"},"query-input":{"@type":"PropertyValueSpecification","valueRequired":true,"valueName":"search_term_string"}}],"inLanguage":"de"},{"@type":"Organization","@id":"https:\/\/www.siggi-potsdam.de\/#organization","name":"Siggi Loaction","url":"https:\/\/www.siggi-potsdam.de\/","logo":{"@type":"ImageObject","inLanguage":"de","@id":"https:\/\/www.siggi-potsdam.de\/#\/schema\/logo\/image\/","url":"https:\/\/siggi-location.de\/wp-content\/uploads\/2025\/03\/IMG_6288-2-scaled.jpg","contentUrl":"https:\/\/siggi-location.de\/wp-content\/uploads\/2025\/03\/IMG_6288-2-scaled.jpg","width":2560,"height":1920,"caption":"Siggi Loaction"},"image":{"@id":"https:\/\/www.siggi-potsdam.de\/#\/schema\/logo\/image\/"},"sameAs":["https:\/\/www.instagram.com\/siggi_location_potsdam\/"]}]}},"_links":{"self":[{"href":"https:\/\/www.siggi-potsdam.de\/index.php?rest_route=\/wp\/v2\/pages\/10","targetHints":{"allow":["GET"]}}],"collection":[{"href":"https:\/\/www.siggi-potsdam.de\/index.php?rest_route=\/wp\/v2\/pages"}],"about":[{"href":"https:\/\/www.siggi-potsdam.de\/index.php?rest_route=\/wp\/v2\/types\/page"}],"author":[{"embeddable":true,"href":"https:\/\/www.siggi-potsdam.de\/index.php?rest_route=\/wp\/v2\/users\/1"}],"replies":[{"embeddable":true,"href":"https:\/\/www.siggi-potsdam.de\/index.php?rest_route=%2Fwp%2Fv2%2Fcomments&post=10"}],"version-history":[{"count":410,"href":"https:\/\/www.siggi-potsdam.de\/index.php?rest_route=\/wp\/v2\/pages\/10\/revisions"}],"predecessor-version":[{"id":2478,"href":"https:\/\/www.siggi-potsdam.de\/index.php?rest_route=\/wp\/v2\/pages\/10\/revisions\/2478"}],"wp:attachment":[{"href":"https:\/\/www.siggi-potsdam.de\/index.php?rest_route=%2Fwp%2Fv2%2Fmedia&parent=10"}],"curies":[{"name":"wp","href":"https:\/\/api.w.org\/{rel}","templated":true}]}}